[INFO] fetching crate bass-sys 1.1.2...
[INFO] checking bass-sys-1.1.2 against master#cfbc6d4cf1acbac5c025acf8ed68929caa551df3 for pr-75494-beta
[INFO] extracting crate bass-sys 1.1.2 into /workspace/builds/worker-2/source
[INFO] validating manifest of crates.io crate bass-sys 1.1.2 on toolchain cfbc6d4cf1acbac5c025acf8ed68929caa551df3
[INFO] running `Command { std: "/workspace/cargo-home/bin/cargo" "+cfbc6d4cf1acbac5c025acf8ed68929caa551df3" "read-manifest" "--manifest-path" "Cargo.toml", kill_on_drop: false }`
[INFO] started tweaking crates.io crate bass-sys 1.1.2
[INFO] finished tweaking crates.io crate bass-sys 1.1.2
[INFO] tweaked toml for crates.io crate bass-sys 1.1.2 written to /workspace/builds/worker-2/source/Cargo.toml
[INFO] crate crates.io crate bass-sys 1.1.2 already has a lockfile, it will not be regenerated
[INFO] running `Command { std: "/workspace/cargo-home/bin/cargo" "+cfbc6d4cf1acbac5c025acf8ed68929caa551df3" "fetch" "--locked" "--manifest-path" "Cargo.toml", kill_on_drop: false }`
[INFO] running `Command { std: "docker" "create" "-v" "/var/lib/crater-agent-workspace/builds/worker-2/target:/opt/rustwide/target:rw,Z" "-v" "/var/lib/crater-agent-workspace/builds/worker-2/source:/opt/rustwide/workdir:ro,Z" "-v" "/var/lib/crater-agent-workspace/cargo-home:/opt/rustwide/cargo-home:ro,Z" "-v" "/var/lib/crater-agent-workspace/rustup-home:/opt/rustwide/rustup-home:ro,Z" "-e" "SOURCE_DIR=/opt/rustwide/workdir" "-e" "CARGO_TARGET_DIR=/opt/rustwide/target" "-e" "CARGO_HOME=/opt/rustwide/cargo-home" "-e" "RUSTUP_HOME=/opt/rustwide/rustup-home" "-w" "/opt/rustwide/workdir" "-m" "1610612736" "--user" "0:0" "--network" "none" "rustops/crates-build-env@sha256:a636fd89d022f18117e1dc8fb37a0a009933cdbbe082814857f0e2024962d47c" "/opt/rustwide/cargo-home/bin/cargo" "+cfbc6d4cf1acbac5c025acf8ed68929caa551df3" "metadata" "--no-deps" "--format-version=1", kill_on_drop: false }`
[INFO] [stderr] WARNING: Your kernel does not support swap limit capabilities or the cgroup is not mounted. Memory limited without swap.
[INFO] [stdout] e11d248dcd1b2a57ee232ff70bba9662a6cf754c426eaa64ee8edb2fd4cc63a9
[INFO] running `Command { std: "docker" "start" "-a" "e11d248dcd1b2a57ee232ff70bba9662a6cf754c426eaa64ee8edb2fd4cc63a9", kill_on_drop: false }`
[INFO] running `Command { std: "docker" "inspect" "e11d248dcd1b2a57ee232ff70bba9662a6cf754c426eaa64ee8edb2fd4cc63a9", kill_on_drop: false }`
[INFO] running `Command { std: "docker" "rm" "-f" "e11d248dcd1b2a57ee232ff70bba9662a6cf754c426eaa64ee8edb2fd4cc63a9", kill_on_drop: false }`
[INFO] [stdout] e11d248dcd1b2a57ee232ff70bba9662a6cf754c426eaa64ee8edb2fd4cc63a9
[INFO] running `Command { std: "docker" "create" "-v" "/var/lib/crater-agent-workspace/builds/worker-2/target:/opt/rustwide/target:rw,Z" "-v" "/var/lib/crater-agent-workspace/builds/worker-2/source:/opt/rustwide/workdir:ro,Z" "-v" "/var/lib/crater-agent-workspace/cargo-home:/opt/rustwide/cargo-home:ro,Z" "-v" "/var/lib/crater-agent-workspace/rustup-home:/opt/rustwide/rustup-home:ro,Z" "-e" "SOURCE_DIR=/opt/rustwide/workdir" "-e" "CARGO_TARGET_DIR=/opt/rustwide/target" "-e" "CARGO_INCREMENTAL=0" "-e" "RUST_BACKTRACE=full" "-e" "RUSTFLAGS=--cap-lints=forbid" "-e" "CARGO_HOME=/opt/rustwide/cargo-home" "-e" "RUSTUP_HOME=/opt/rustwide/rustup-home" "-w" "/opt/rustwide/workdir" "-m" "1610612736" "--user" "0:0" "--network" "none" "rustops/crates-build-env@sha256:a636fd89d022f18117e1dc8fb37a0a009933cdbbe082814857f0e2024962d47c" "/opt/rustwide/cargo-home/bin/cargo" "+cfbc6d4cf1acbac5c025acf8ed68929caa551df3" "check" "--frozen" "--all" "--all-targets" "--message-format=json", kill_on_drop: false }`
[INFO] [stdout] f48afe16515e7546a15b997e519156fdb7de5bcaa66c67976ef0d74f429b4be5
[INFO] [stderr] WARNING: Your kernel does not support swap limit capabilities or the cgroup is not mounted. Memory limited without swap.
[INFO] running `Command { std: "docker" "start" "-a" "f48afe16515e7546a15b997e519156fdb7de5bcaa66c67976ef0d74f429b4be5", kill_on_drop: false }`
[INFO] [stderr]    Compiling bass-sys v1.1.2 (/opt/rustwide/workdir)
[INFO] [stdout] error[E0433]: failed to resolve: use of undeclared type or module `CString`
[INFO] [stdout]    --> src/types.rs:65:22
[INFO] [stdout]     |
[INFO] [stdout] 65  |               content: CString::new(item)?.as_ptr() as *const c_char,
[INFO] [stdout]     |                        ^^^^^^^
[INFO] [stdout]     |
[INFO] [stdout] help: a struct with a similar name exists
[INFO] [stdout]     |
[INFO] [stdout] 65  |             content: String::new(item)?.as_ptr() as *const c_char,
[INFO] [stdout]     |                      ^^^^^^
[INFO] [stdout] help: consider importing this struct
[INFO] [stdout]     |
[INFO] [stdout] 1   | use std::ffi::CString;
[INFO] [stdout]     |
[INFO] [stdout] 
[INFO] [stdout] 
[INFO] [stdout] error[E0433]: failed to resolve: use of undeclared type or module `CString`
[INFO] [stdout]    --> src/types.rs:92:9
[INFO] [stdout]     |
[INFO] [stdout] 92  |           CString::from_raw(item.content).to_string()
[INFO] [stdout]     |           ^^^^^^^
[INFO] [stdout]     |
[INFO] [stdout] help: a struct with a similar name exists
[INFO] [stdout]     |
[INFO] [stdout] 92  |         String::from_raw(item.content).to_string()
[INFO] [stdout]     |         ^^^^^^
[INFO] [stdout] help: consider importing this struct
[INFO] [stdout]     |
[INFO] [stdout] 1   | use std::ffi::CString;
[INFO] [stdout]     |
[INFO] [stdout] 
[INFO] [stdout] 
[INFO] [stdout] warning: trait objects without an explicit `dyn` are deprecated
[INFO] [stdout]   --> src/types.rs:63:45
[INFO] [stdout]    |
[INFO] [stdout] 63 |     fn try_from(item: &str) -> Result<Self, Error> {
[INFO] [stdout]    |                                             ^^^^^ help: use `dyn`: `dyn Error`
[INFO] [stdout]    |
[INFO] [stdout]    = note: `#[warn(bare_trait_objects)]` on by default
[INFO] [stdout] 
[INFO] [stdout] 
[INFO] [stdout] warning: trait objects without an explicit `dyn` are deprecated
[INFO] [stdout]   --> src/types.rs:91:51
[INFO] [stdout]    |
[INFO] [stdout] 91 |     fn try_from(item: BassString) -> Result<Self, Error> {
[INFO] [stdout]    |                                                   ^^^^^ help: use `dyn`: `dyn Error`
[INFO] [stdout] 
[INFO] [stdout] 
[INFO] [stdout] error[E0433]: failed to resolve: use of undeclared type or module `CString`
[INFO] [stdout]    --> src/types.rs:65:22
[INFO] [stdout]     |
[INFO] [stdout] 65  |               content: CString::new(item)?.as_ptr() as *const c_char,
[INFO] [stdout]     |                        ^^^^^^^
[INFO] [stdout]     |
[INFO] [stdout] help: a struct with a similar name exists
[INFO] [stdout]     |
[INFO] [stdout] 65  |             content: String::new(item)?.as_ptr() as *const c_char,
[INFO] [stdout]     |                      ^^^^^^
[INFO] [stdout] help: consider importing this struct
[INFO] [stdout]     |
[INFO] [stdout] 1   | use std::ffi::CString;
[INFO] [stdout]     |
[INFO] [stdout] 
[INFO] [stdout] 
[INFO] [stdout] error[E0433]: failed to resolve: use of undeclared type or module `CString`
[INFO] [stdout]    --> src/types.rs:92:9
[INFO] [stdout]     |
[INFO] [stdout] 92  |           CString::from_raw(item.content).to_string()
[INFO] [stdout]     |           ^^^^^^^
[INFO] [stdout]     |
[INFO] [stdout] help: a struct with a similar name exists
[INFO] [stdout]     |
[INFO] [stdout] 92  |         String::from_raw(item.content).to_string()
[INFO] [stdout]     |         ^^^^^^
[INFO] [stdout] help: consider importing this struct
[INFO] [stdout]     |
[INFO] [stdout] 1   | use std::ffi::CString;
[INFO] [stdout]     |
[INFO] [stdout] 
[INFO] [stdout] 
[INFO] [stdout] warning: trait objects without an explicit `dyn` are deprecated
[INFO] [stdout]   --> src/types.rs:63:45
[INFO] [stdout]    |
[INFO] [stdout] 63 |     fn try_from(item: &str) -> Result<Self, Error> {
[INFO] [stdout]    |                                             ^^^^^ help: use `dyn`: `dyn Error`
[INFO] [stdout]    |
[INFO] [stdout]    = note: `#[warn(bare_trait_objects)]` on by default
[INFO] [stdout] 
[INFO] [stdout] 
[INFO] [stdout] warning: trait objects without an explicit `dyn` are deprecated
[INFO] [stdout]   --> src/types.rs:91:51
[INFO] [stdout]    |
[INFO] [stdout] 91 |     fn try_from(item: BassString) -> Result<Self, Error> {
[INFO] [stdout]    |                                                   ^^^^^ help: use `dyn`: `dyn Error`
[INFO] [stdout] 
[INFO] [stdout] 
[INFO] [stdout] error[E0277]: the size for values of type `(dyn std::error::Error + 'static)` cannot be known at compilation time
[INFO] [stdout]    --> src/types.rs:63:32
[INFO] [stdout]     |
[INFO] [stdout] 63  |     fn try_from(item: &str) -> Result<Self, Error> {
[INFO] [stdout]     |                                ^^^^^^^^^^^^^^^^^^^ doesn't have a size known at compile-time
[INFO] [stdout]     |
[INFO] [stdout]     = help: the trait `std::marker::Sized` is not implemented for `(dyn std::error::Error + 'static)`
[INFO] [stdout]     = note: to learn more, visit <https://doc.rust-lang.org/book/ch19-04-advanced-types.html#dynamically-sized-types-and-the-sized-trait>
[INFO] [stdout] 
[INFO] [stdout] 
[INFO] [stdout] error[E0277]: the size for values of type `(dyn std::error::Error + 'static)` cannot be known at compilation time
[INFO] [stdout]    --> src/types.rs:91:38
[INFO] [stdout]     |
[INFO] [stdout] 91  |     fn try_from(item: BassString) -> Result<Self, Error> {
[INFO] [stdout]     |                                      ^^^^^^^^^^^^^^^^^^^ doesn't have a size known at compile-time
[INFO] [stdout]     |
[INFO] [stdout]     = help: the trait `std::marker::Sized` is not implemented for `(dyn std::error::Error + 'static)`
[INFO] [stdout]     = note: to learn more, visit <https://doc.rust-lang.org/book/ch19-04-advanced-types.html#dynamically-sized-types-and-the-sized-trait>
[INFO] [stdout] 
[INFO] [stdout] 
[INFO] [stdout] error: aborting due to 4 previous errors; 2 warnings emitted
[INFO] [stdout] 
[INFO] [stdout] 
[INFO] [stdout] Some errors have detailed explanations: E0277, E0433.
[INFO] [stdout] 
[INFO] [stdout] For more information about an error, try `rustc --explain E0277`.
[INFO] [stdout] 
[INFO] [stderr] error: could not compile `bass-sys`.
[INFO] [stderr] 
[INFO] [stderr] To learn more, run the command again with --verbose.
[INFO] [stderr] warning: build failed, waiting for other jobs to finish...
[INFO] [stdout] error[E0277]: the size for values of type `(dyn std::error::Error + 'static)` cannot be known at compilation time
[INFO] [stdout]    --> src/types.rs:63:32
[INFO] [stdout]     |
[INFO] [stdout] 63  |     fn try_from(item: &str) -> Result<Self, Error> {
[INFO] [stdout]     |                                ^^^^^^^^^^^^^^^^^^^ doesn't have a size known at compile-time
[INFO] [stdout]     |
[INFO] [stdout]     = help: the trait `std::marker::Sized` is not implemented for `(dyn std::error::Error + 'static)`
[INFO] [stdout]     = note: to learn more, visit <https://doc.rust-lang.org/book/ch19-04-advanced-types.html#dynamically-sized-types-and-the-sized-trait>
[INFO] [stdout] 
[INFO] [stdout] 
[INFO] [stdout] error[E0277]: the size for values of type `(dyn std::error::Error + 'static)` cannot be known at compilation time
[INFO] [stdout]    --> src/types.rs:91:38
[INFO] [stdout]     |
[INFO] [stdout] 91  |     fn try_from(item: BassString) -> Result<Self, Error> {
[INFO] [stdout]     |                                      ^^^^^^^^^^^^^^^^^^^ doesn't have a size known at compile-time
[INFO] [stdout]     |
[INFO] [stdout]     = help: the trait `std::marker::Sized` is not implemented for `(dyn std::error::Error + 'static)`
[INFO] [stdout]     = note: to learn more, visit <https://doc.rust-lang.org/book/ch19-04-advanced-types.html#dynamically-sized-types-and-the-sized-trait>
[INFO] [stdout] 
[INFO] [stdout] 
[INFO] [stdout] error: aborting due to 4 previous errors; 2 warnings emitted
[INFO] [stdout] 
[INFO] [stdout] 
[INFO] [stdout] Some errors have detailed explanations: E0277, E0433.
[INFO] [stdout] 
[INFO] [stdout] For more information about an error, try `rustc --explain E0277`.
[INFO] [stdout] 
[INFO] [stderr] error: build failed
[INFO] running `Command { std: "docker" "inspect" "f48afe16515e7546a15b997e519156fdb7de5bcaa66c67976ef0d74f429b4be5", kill_on_drop: false }`
[INFO] running `Command { std: "docker" "rm" "-f" "f48afe16515e7546a15b997e519156fdb7de5bcaa66c67976ef0d74f429b4be5", kill_on_drop: false }`
[INFO] [stdout] f48afe16515e7546a15b997e519156fdb7de5bcaa66c67976ef0d74f429b4be5
